ors of l.
157, 163
Let d(k) = -k**3 + 8*k**2 + 88*k + 17. Let y be d(14). Suppose y*w - 16411 = 32572. List the prime factors of w.
11, 61
Let i = 3885 - 56. List the prime factors of i.
7, 547
Suppose 4*m - 17*m = -624. Suppose 44*u - m*u + 1096 = 0. What are the prime factors of u?
2, 137
Let d(s) = 4*s + 125. Let l be d(-29). Let h(i) = 11*i**2 - 20*i - 15. List the prime factors of h(l).
2, 3, 29
Let a(k) = -8*k + 145. Let r be a(17). Let l(h) = 145*h + 306. What are the prime factors of l(r)?
3, 179
Suppose 0 = -3*p, -2*h - 5*p + 6*p + 384 = 0. Let i = -17 + h. What are the prime factors of i?
5, 7
Let n = 68 - 72. Let x be 242/(-3) - (n - 26/(-6)). Let c = x - -128. List the prime factors of c.
47
Let y be (24/56)/((-3)/(-21)). Suppose -y*v + v = -3*b + 1540, -4*v + 2080 = 4*b. List the prime factors of b.
2, 3, 43
Suppose -5*h = -5*o - 34420, -2*h + 195*o + 13776 = 197*o. List the prime factors of h.
2, 11, 313
Let g = -382 - -385. List the prime factors of 1/(3 + -1 - g) - -720.
719
Suppose -126*f = -124*f + 8, -4*t + 43248 = 3*f. List the prime factors of t.
3, 5, 7, 103
Let h = 3556 + -2011. Suppose h = 9*u - 2280. List the prime factors of u.
5, 17
Suppose -3*z = -10 + 4. What are the prime factors of (-561)/2*z*(-4)/4?
3, 11, 17
Suppose 3*k = 2*y + 15, 5*y + 0*k = 3*k - 24. List the prime factors of (21/(-12))/(y/696).
2, 7, 29
Suppose -p = 2*v + 4*p + 175, -357 = 4*v + 3*p. Let n = 277 - v. What are the prime factors of n?
367
Suppose 227 + 2153 = 5*o + 5*j, -3*o + 2*j = -1453. List the prime factors of o.
13, 37
Let z be 6/6 - (-3 + 3 - -21). Let j be (-28)/z + -2 + (-37)/5. List the prime factors of (-40)/(-2)*(j/(-2) + 2).
2, 3, 5
Let s(r) = 146*r**3 + 2*r**2 + 2*r + 1. Let f be s(-1). Let m = f + -107. What are the prime factors of (-2 - 0 - 2) + m/(-3)?
2, 5
Let j = 56 + -41. Suppose 0 = -4*i + i + j. Suppose -4*a - 4 = -6*a - 3*u, 2*u = -i*a + 10. What are the prime factors of a?
2
Let x be 8/(-10)*(-5)/2. Suppose 0 = -x*u - 4*t + 1310, -10*u - 4*t - 685 = -11*u. List the prime factors of u.
5, 7, 19
Let n = 76 + -70. Let v(f) = f**2 + 2*f - 20. List the prime factors of v(n).
2, 7
Suppose 10*i - 5*i = -f + 753, -i + 149 = f. What are the prime factors of i?
151
Let c(y) = -6*y - 14*y - 3 + 23 + 40. List the prime factors of c(-13).
2, 5
Let y(z) = 139*z**2 + 197*z + 2970. What are the prime factors of y(-16)?
2, 31, 571
Suppose 129520 = 4*f - 2*r, 0 = -f + 4*r + 17756 + 14624. List the prime factors of f.
2, 5, 1619
Suppose -694*q + 696*q - 1108 = 0. Let v = q + -470. List the prime factors of v.
2, 3, 7
Suppose -5*x - p = 4 - 18, -6 = 5*x - 4*p. Suppose 10*u = 4*l + 5*u - 1291, 0 = -2*l + x*u + 644. What are the prime factors of l?
11, 29
Let h(t) = 6*t**3 + t**2 + 8*t - 8. List the prime factors of h(1).
7
Let d = 75877 + -52661. What are the prime factors of d?
2, 1451
Let j(t) = 6*t**2 - 6*t + 4. Let l = 61 + 17. Let g = 73 - l. List the prime factors of j(g).
2, 23
Let q(f) = -24*f + 33. Suppose -10*y - 2*y = -1428. Let i = y - 130. List the prime factors of q(i).
3, 11
Suppose -f + 2*h + 8 = 0, 13 + 5 = 5*f + h. Let x = f + 56. Suppose 6*d = 2*d + x. List the prime factors of d.
3, 5
Suppose 453454 + 3008485 = 121*t - 1937202. List the prime factors of t.
44621
Let w = -43596 + 81842. List the prime factors of w.
2, 13, 1471
Let i be (3/(12/56) - 1) + -3. Suppose -x = -4 + i. List the prime factors of -482*4/x*42/56.
241
Suppose 2*o = 2*b + 14, -3*o + 8*o - b - 15 = 0. Suppose 2 + o = 2*k. Suppose 0 = 4*s + 4*l - 628, 3*l = -2*s + k*l + 318. What are the prime factors of s?
7, 23
Suppose -f - 3*b = -3*f - 28, -2*f + b - 20 = 0. Let a(s) = -s**3 - 5*s**2 + 16*s + 3. What are the prime factors of a(f)?
67
Let l = 590 + 25. Let g = l + -403. Suppose 3*t = 15, -19 = 2*b - 5*t - g. List the prime factors of b.
109
Let k(u) = -u**3 + 8*u**2 + 3*u + 2. Let v(i) = -4*i + 6. Let m(z) = -5*z + 7. Let w(a) = -5*m(a) + 6*v(a). Let x be w(4). What are the prime factors of k(x)?
2, 23
Let o be (0 + -3)/(133/14 + -8). What are the prime factors of (o/(-5))/((-3)/(-2850))?
2, 5, 19
Suppose 23*m = 26*m - 210. Suppose 2*a - m - 66 = 0. Let w = 115 - a. List the prime factors of w.
47
Let k = 34508 - 18264. What are the prime factors of k?
2, 31, 131
Suppose -30*p + 48 = -14*p. Suppose 2*v - 4*o = 1790 + 194, -4974 = -5*v + p*o. List the prime factors of v.
2, 3, 83
Let x be 2/5*(-125)/(-30)*327. Suppose 2*b + 5*c - 1134 = 0, -7*c + 4*c = -b + x. List the prime factors of b.
557
Let z(q) = -q**3 - 13*q**2 - 2*q + 3. Let a be z(-13). Let b = a - 31. What are the prime factors of 12/8*(b - -4)?
3
Let i = -3 - -9. Suppose 28 = 4*u + 4*c, 27 = u + i*c - c. Suppose u*f - 5*f = y - 551, f - 2*y = 193. List the prime factors of f.
5, 37
Suppose 2*l - 10 = -0*l. Suppose l*b + 9 = 5*r - 4*r, -73 = -5*r - 3*b. Suppose 5*t - 39 = -r. List the prime factors of t.
5
Let f(c) = c**2 + 9*c + 5. Let a(l) = l**2 + 19*l + 10. Let p(j) = -2*a(j) + 5*f(j). Let v be p(-7). Let s = 209 - v. List the prime factors of s.
2, 53
Let n(k) = 334*k + 1956. What are the prime factors of n(22)?
2, 1163
Let p(j) = 571*j - 321. List the prime factors of p(10).
17, 317
Suppose -3*g + 2*r = 5*r, -2*r - 6 = 0. Suppose 2*x - 5*z = -2*x + 2851, 2145 = 3*x + g*z. List the prime factors of x.
2, 3, 7, 17
Let r = 35325 - 15824. What are the prime factors of r?
19501
Let a be 2*50/(-120)*-6. Let n(d) = -2 + 4*d**2 - 3*d**2 - 1 - 4*d. What are the prime factors of n(a)?
2
Let n(d) = -253*d**3 + 2. What are the prime factors of n(-4)?
2, 3, 2699
Let u(m) = 15*m**2 + 44*m + 5. List the prime factors of u(-33).
2, 1861
Let k = 214 + -204. List the prime factors of k*(-12)/24*(-1676)/10.
2, 419
Suppose -3*w = -8*w - 3*m + 10673, 2*w - 4270 = -m. List the prime factors of w.
2137
Suppose 0 = 81*g - 198444 - 105063. What are the prime factors of g?
3, 1249
Let q be 9 - 1/((-3)/(-21)). Let w(c) = 305*c**2 + 12*c - 18. List the prime factors of w(q).
2, 613
Let n = 109 - -40. Let t = -144 + n. Suppose 3*l - 140 = -5*k, t*l - 2*k + 6*k - 255 = 0. List the prime factors of l.
5, 11
Suppose 2*u = -4*j + 22202, 2*u - 3*j = 6165 + 16044. What are the prime factors of u?
3, 3701
Let d(x) = x**2 + 1. Let v(j) = -4*j**3 - 30*j**2 + 7*j - 18. Let a(c) = -5*d(c) - v(c). What are the prime factors of a(4)?
641
Let u(l) = 2*l**2 - 23*l - 25. Suppose j - 45 = -5*o, -o = 6*j - 10*j + 96. What are the prime factors of u(j)?
2, 5, 13
Let r be (0 - (-40)/(-6))/(4/48). Suppose d = 3*d + 566. Let k = r - d. What are the prime factors of k?
7, 29
List the prime factors of (117/45)/(-7 - (-306048)/43720).
13, 1093
Let r(u) = 5*u**3 - 16*u**2 + 19*u - 100. What are the prime factors of r(7)?
2, 241
Let t = -3174 - -7171. What are the prime factors of t?
7, 571
Let p(b) = 6*b**3 - 2*b**2 + 12*b - 11. Let l be p(1). Suppose 1338 = 3*f - 5*a, -2*f - 98 = l*a - 965. What are the prime factors of f?
3, 7
Let i(t) = 10*t - 10. Let s be i(-3). Let u be (3660/s)/(3/(-14)). Let r = -233 + u. List the prime factors of r.
2, 97
Suppose 47762 = -21*z + 43*z. List the prime factors of z.
13, 167
Let v(p) = 12846*p + 982. What are the prime factors of v(3)?
2, 5, 13, 19
Let w be (67716/55)/(1 - 7/10). Let o = w - 2201. Suppose o = 10*m + 233. List the prime factors of m.
167
Suppose 0*l + 28 = 3*l + f, 5*l - 45 = -2*f. Suppose -5 = 2*d - l. Suppose -5*p = -3*u - 745, -5*p - 2*u = -d*p - 314. What are the prime factors of p?
2, 19
Let z(w) = 483*w**3 - 2*w**2 + 14*w - 27. List the prime factors of z(4).
3, 10303
Let g(k) = 515*k - 59. List the prime factors of g(3).
2, 743
Let n be 0/1*(11 + (-210)/20). Suppose n = 6*t - 948 - 654. List the prime factors of t.
3, 89
Suppose -3*m + 21009 + 2085 = 0. What are the prime factors of m?
2, 3, 1283
Let z(c) = 31*c + 117. Let w be z(6). Let f = 477 - w. List the prime factors of f.
2, 3, 29
Let q(r) = -r**3 - 47*r**2 - 192*r + 623. List the prime factors of q(-47).
11, 877
Let r = 3591 - 462. List the prime factors of r.
3, 7, 149
Let j be 4/10 + 861/35. Let k be (-2 + j/5)*1. Suppose -p + 46 = r - 32, k*r = p - 74. List the prime factors of p.
7, 11
Suppose y - 2*o = 60248, -20*y + 15*y + 3*o + 301275 = 0. What are the prime factors of y?
2, 3, 11, 83
Suppose 0*v = 2*v. Supp